17*g**2 - 864*g + 209. Calculate j(-51).
56
Let p(j) = -520*j - 79371. Calculate p(-153).
189
Let a(x) = -x**3 + 55*x**2 + 5672*x - 323670. Calculate a(61).
-4
Let i(n) = -1349*n + 3113. What is i(2)?
415
Let o(n) = 4*n**2 - 197*n + 2482. Give o(13).
597
Let q(d) = -9*d**3 - 3*d**2 - 32*d - 1034. Calculate q(0).
-1034
Let d(m) = -2*m**2 + 1041*m - 41772. What is d(44)?
160
Let z(r) = r**3 + 64*r**2 + 351*r + 6673. Determine z(-60).
13
Let d(r) = 16*r**3 - 961*r**2 + 25*r + 2091. What is d(60)?
-9
Let h(q) = 1661*q + 554950. Determine h(-334).
176
Let x(h) = -8813*h + 2194409. Calculate x(249).
-28
Let a(u) = -u**3 + 642*u**2 - 1244*u - 22956. Give a(640).
84
Let g(o) = -114*o - 11133. Determine g(-97).
-75
Let u(v) = -17*v**2 - 359*v + 24. Calculate u(-20).
404
Let p(b) = -2*b**2 - 3727*b + 14924. Give p(4).
-16
Let o(f) = -2649*f - 243710. Give o(-92).
-2
Let y(t) = 4*t**3 + 12*t**2 + 5*t + 58. Give y(-8).
-1262
Let n(w) = 2*w**2 + 193*w - 1114. Give n(-101).
-205
Let j(w) = 583*w + 76423. Determine j(-131).
50
Let z(f) = 15777*f - 15670. Give z(1).
107
Let h(z) = z**3 + 13*z**2 + 15*z - 74. What is h(-11)?
3
Let u(b) = 6977*b + 6383945. Calculate u(-915).
-10
Let u(w) = -7*w**3 + 2*w**2 - 332*w - 1648. What is u(-5)?
937
Let s(w) = 30700*w + 921003. Calculate s(-30).
3
Let u(x) = 7*x**2 + 1796*x - 687854. Give u(-467).
37
Let y(n) = 59*n**2 - 245*n - 5739. Give y(-8).
-3
Let c(l) = 4*l**2 + 103*l + 949. Give c(-10).
319
Let d(i) = 4*i**2 - 11505*i - 92336. What is d(-8)?
-40
Let n(m) = -11*m**2 + 1517*m - 9069. Calculate n(6).
-363
Let m(x) = -223*x - 13673. What is m(-61)?
-70
Let t(q) = -54*q**2 + 99*q + 168. Determine t(-2).
-246
Let i(s) = 8*s**3 + 495*s**2 - 10823*s - 2. Determine i(-79).
-2
Let o(x) = -3125*x - 78128. Calculate o(-25).
-3
Let w(l) = 53*l**2 + 19248*l + 22435. Give w(-362).
-9
Let f(i) = 29*i**2 - 31*i - 638. Give f(-11).
3212
Let r(v) = -6*v - 286. What is r(-27)?
-124
Let p(j) = 3*j**2 + 2065*j + 299702. Determine p(-208).
-26
Let f(s) = -24*s**2 + 57*s - 116. Calculate f(6).
-638
Let g(h) = -h**3 - 23*h**2 + 1336*h + 5647. Give g(-4).
-1
Let q(o) = -3*o**2 + 3182*o - 326260. What is q(115)?
-5
Let n(c) = -c**3 - 175*c**2 - 1356*c + 22918. Give n(-166).
10
Let z(t) = -27291*t - 1146307. What is z(-42)?
-85
Let f(o) = 63*o**2 - 607*o + 1344. Give f(6).
-30
Let t(s) = 362*s - 2072. Give t(6).
100
Let y(f) = 4799*f - 2274736. Determine y(474).
-10
Let a(h) = 10*h**2 - 999*h + 12036. Give a(14).
10
Let q(h) = 12*h**2 + 355*h - 258. Determine q(-33).
1095
Let x(w) = -10580*w - 6496177. Calculate x(-614).
-57
Let v(k) = 725*k - 3141. Calculate v(4).
-241
Let t(d) = 5*d**2 - 269*d - 37533. Calculate t(-64).
163
Let r(p) = -702*p + 42552. Calculate r(62).
-972
Let m(b) = -b**2 + 132*b + 25770. Give m(-109).
-499
Let g(f) = -2*f**2 + 46*f + 67. Determine g(25).
-33
Let o(q) = -4891*q - 25254. Determine o(-5).
-799
Let t(i) = 5987*i + 598714. What is t(-100)?
14
Let d(k) = -2*k**3 + 1063*k**2 - 3702*k + 3178. Give d(528).
10
Let s(l) = -777800*l - 4666807. Calculate s(-6).
-7
Let s(h) = -h**3 - 15*h**2 - 114*h - 346. Give s(0).
-346
Let q(t) = -2*t**2 - 84*t + 1289. Give q(-49).
603
Let w(l) = 30137*l - 120277. Calculate w(4).
271
Let a(z) = 79*z + 15298. Determine a(-192).
130
Let y(q) = 5*q**2 - 236*q - 7484. Give y(70).
496
Let f(y) = -325761*y + 977233. What is f(3)?
-50
Let i(n) = -3*n**2 - 25416*n - 253867. What is i(-10)?
-7
Let x(m) = m**2 + 1842*m + 541349. Determine x(-367).
24
Let t(q) = -43*q**2 + 3913*q - 670. What is t(91)?
-670
Let d(a) = 186*a**2 + 158*a + 4. What is d(-3)?
1204
Let w(n) = -823*n + 14349. Determine w(19).
-1288
Let s(c) = c**2 - 3439*c + 1191763. Calculate s(391).
-5
Let x(y) = -80*y**2 - 1527*y - 107. What is x(-19)?
26
Let k(t) = -46834*t - 140580. Determine k(-3).
-78
Let z(s) = 33469*s - 2108548. Determine z(63).
-1
Let y(j) = -33010*j - 264188. Determine y(-8).
-108
Let l(h) = -1515*h - 58925. Determine l(-42).
4705
Let o(v) = 60*v**2 - 13*v - 882. What is o(4)?
26
Let u(q) = 32*q**2 - 3534*q - 1999. Calculate u(111).
-1
Let u(i) = 16*i**2 + 1193*i + 2985. Calculate u(-72).
33
Let x(j) = j**3 + 85*j**2 + 1712*j - 1152. Give x(-51).
-30
Let m(s) = -201*s + 55852. Give m(277).
175
Let h(m) = -363*m**2 - 170*m - 339. What is h(-2)?
-1451
Let u(w) = -77591*w + 620730. Determine u(8).
2
Let z(h) = 1029*h - 5050. What is z(5)?
95
Let s(l) = -l**2 + 1549*l + 47628. Give s(-30).
258
Let y(g) = 1374*g - 621174. What is y(452)?
-126
Let p(d) = 12*d**3 - 8*d**2 - 14*d + 1. What is p(-3)?
-353
Let j(a) = 1103*a - 300085. Determine j(272).
-69
Let s(f) = -18469*f + 166095. Give s(9).
-126
Let a(o) = 2356*o - 30076. What is a(13)?
552
Let j(p) = 2*p**3 + 182*p**2 - 453*p - 1622. Give j(-2).
-4
Let r(c) = 208*c**2 + 63864*c + 2436. Calculate r(-307).
-20
Let p(u) = -u**2 + 195*u - 3907. What is p(145)?
3343
Let p(j) = -5*j**2 + 246. Calculate p(7).
1
Let i(f) = 865*f - 44758. What is i(52)?
222
Let p(q) = -26*q**2 - 511*q - 7. Give p(-19).
316
Let b(f) = -f**2 + 112283*f + 1122921. Give b(-10).
-9
Let f(m) = -4942*m + 14273. Calculate f(3).
-553
Let p(r) = 377476*r - 12456693. Calculate p(33).
15
Let n(t) = 13601*t**2 + 204025*t + 156. Determine n(-15).
6
Let t(d) = -d**3 - 19*d**2 + 1026*d + 168. Calculate t(24).
24
Let x(p) = -p**2 + 137*p + 2254. Determine x(-15).
-26
Let d(q) = -4*q**2 + 154*q + 72. Determine d(29).
1174
Let g(y) = 85*y**3 - 24480*y**2 - y + 293. Determine g(288).
5
Let k(w) = -5960*w + 10186. Calculate k(2).
-1734
Let a(b) = 8194*b**3 - 1581439*b**2 - 579*b + 17. Give a(193).
17
Let c(v) = -v**3 + 31*v**2 + 16*v + 409. Give c(32).
-103
Let m(y) = 5*y**2 - 13591*y + 27174. Calculate m(2).
12
Let w(b) = 203*b**2 - 20106*b + 643. Give w(99).
-248
Let c(j) = -70*j - 3482. Give c(-61).
788
Let j(u) = -10581*u - 31778. Calculate j(-3).
-35
Let l(o) = -7*o**2 - 388*o + 290908. Calculate l(178).
56
Let v(o) = 935*o - 232822. Give v(249).
-7
Let d(n) = 93*n**3 + n**2 - 299*n - 299. Calculate d(-1).
-92
Let p(w) = -8*w**3 + 2226*w**2 - 557*w + 157. Determine p(278).
-121
Let a(w) = -w**2 + 2600*w + 60335. Calculate a(-23).
6
Let x(q) = 662931*q - 3314658. Determine x(5).
-3
Let g(d) = 2*d**2 + 4*d - 13133. Calculate g(78).
-653
Let m(o) = -o**3 + 257*o**2 + 1588*o - 408057. Determine m(257).
59
Let u(h) = -12791*h + 1087231. What is u(85)?
-4
Let d(k) = -2195*k - 776771. What is d(-354)?
259
Let q(n) = -6*n**2 - 1594*n - 43644. Determine q(-31).
4
Let o(u) = -u**3 + 712*u**2 + 773*u - 42768. Determine o(713).
12
Let l(r) = 477*r - 4864. What is l(10)?
-94
Let a(y) = -5033*y + 85582. Determine a(17).
21
Let j(t) = 19*t**2 - 979*t - 427. What is j(52)?
41
Let w(u) = -1414*u - 21391. What is w(-15)?
-181
Let b(q) = -q**3 + 74*q**2 - 886*q - 720. What is b(16)?
-48
Let o(u) = -373*u - 3415. Give o(-9).
-58
Let q(k) = -k**3 + 72*k**2 - 876*k + 3. Calculate q(15).
-312
Let n(a) = 8*a**2 - 296*a - 7340. What is n(-17)?
4
Let b(i) = -1830*i - 131659. Calculate b(-72).
101
Let t(r) = 147943*r - 739664. Determine t(5).
51
Let t(g) = 5*g**3 + 35*g**2 - 59*g + 52. Determine t(-9).
-227
Let n(q) = -q**2 + 47*q - 420. Calculate n(32).
60
Let o(r) = -3995*r - 11965. Determine o(-3).
20
Let b(r) = 140847*r - 1126810. Determine b(8).
-34
Let a(u) = 34*u**2 - 6387*u + 11718. Give a(186).
0
Let p(u) = u**3 - 902*u**2 - 45600*u - 3. Calculate p(-48).
-3
Let b(k) = -6*k**2 + 413*k - 302. Calculate b(66).
820
Let y(s) = -43*s**2 + 51*s + 660. Determine y(-7).
-1804
Let o(y) = -2691*y - 12453. Calculate o(-3).
-4380
Let r(h) = -131*h - 13047. Determine r(-93).
-864
Let o(i) = -15*i**3 - 43*i**2 + 46*i + 187. Calculate o(-4).
275
Let p(j) = -38592*j + 1273609. Calculate p(33).
73
Let x(y) = 1432*y - 1570. Give x(1).
-138
Let m(a) = -2*a**3 - 215*a**2 - 1861*a + 394. Give m(-98).
296
Let n(m) = -m**3 + 92*m**2 - 608*m + 47041. What is n(91)?
-6
Let b(q) = q**2 - 89*q + 329. Give b(52).
-1595
Let h(d) = 10717*d + 107200. What is h(-10)?
30
Let t(p) = 4516*p - 514825. Give t(114).
-1
Let s(a) = 15*a**3 + 324*a**2 - 1619*a - 5. Give s(5).
1875
Let o(s) = s**3 - 26*s**2 - 780*s + 4326. Give o(42).
-210
Let g(q) = -12*q**2 - 1153*q + 7236. Calculate g(-102).
-6
Let q(o) = -o**2 + 185364*o + 1297597. Calculate q(-7).
0